{"id":6840,"date":"2022-05-14T18:49:25","date_gmt":"2022-05-14T16:49:25","guid":{"rendered":"https:\/\/mv-rad.de\/?page_id=6840"},"modified":"2024-06-04T22:05:15","modified_gmt":"2024-06-04T20:05:15","slug":"pedelec-power-usedom","status":"publish","type":"page","link":"https:\/\/mv-rad.de\/en_gb\/pedelec-power-usedom\/","title":{"rendered":"Pedelec Power Usedom"},"content":{"rendered":"<p>[et_pb_section fb_built=&#8220;1&#8243; custom_padding_last_edited=&#8220;on|phone&#8220; admin_label=&#8220;Header&#8220; _builder_version=&#8220;4.16&#8243; _module_preset=&#8220;default&#8220; use_background_color_gradient=&#8220;on&#8220; background_color_gradient_stops=&#8220;rgba(0,158,224,0.25) 0%|#009fe3 100%&#8220; background_color_gradient_start=&#8220;rgba(0,158,224,0.25)&#8220; background_color_gradient_end=&#8220;#009fe3&#8243; background_image=&#8220;https:\/\/mv-rad.de\/wp-content\/uploads\/2021\/11\/DSC09676_1920x_Ausschnitt_web-1.jpg&#8220; custom_padding=&#8220;120px||120px||true|false&#8220; custom_padding_tablet=&#8220;100px||100px||true|false&#8220; custom_padding_phone=&#8220;80px||80px||true|false&#8220; background_color_gradient_stops_tablet=&#8220;rgba(0,158,224,0.25) 100%|#009fe3 100%&#8220; background_color_gradient_stops_phone=&#8220;rgba(0,158,224,0.25) 100%|#009fe3 100%&#8220; background_color_gradient_start_position_tablet=&#8220;100%&#8220; background_color_gradient_start_position_phone=&#8220;100%&#8220; background_color_gradient_end_position_tablet=&#8220;100%&#8220; background_color_gradient_end_position_phone=&#8220;100%&#8220; locked=&#8220;off&#8220; global_colors_info=&#8220;{}&#8220;][et_pb_row _builder_version=&#8220;4.16&#8243; _module_preset=&#8220;default&#8220; global_colors_info=&#8220;{}&#8220;][et_pb_column type=&#8220;4_4&#8243; _builder_version=&#8220;4.16&#8243; _module_preset=&#8220;default&#8220; global_colors_info=&#8220;{}&#8220;][et_pb_text _builder_version=&#8220;4.21.0&#8243; _module_preset=&#8220;d72c0383-6487-4f2c-ac5c-7d48a6376757&#8243; header_font=&#8220;Playfair Display||||||||&#8220; header_text_align=&#8220;left&#8220; header_text_color=&#8220;#1c4982&#8243; header_font_size=&#8220;100px&#8220; background_color=&#8220;rgba(255,255,255,0.5)&#8220; width=&#8220;90%&#8220; width_tablet=&#8220;65%&#8220; width_phone=&#8220;95%&#8220; width_last_edited=&#8220;on|phone&#8220; height=&#8220;215px&#8220; height_tablet=&#8220;120px&#8220; height_phone=&#8220;100px&#8220; height_last_edited=&#8220;on|phone&#8220; custom_margin=&#8220;||0px||false|false&#8220; custom_padding=&#8220;0px||0px|20px|false|false&#8220; custom_padding_tablet=&#8220;&#8220; custom_padding_phone=&#8220;8px||0px|20px|false|false&#8220; custom_padding_last_edited=&#8220;on|phone&#8220; animation_direction=&#8220;top&#8220; header_font_size_tablet=&#8220;7vw&#8220; header_font_size_phone=&#8220;10vw&#8220; header_font_size_last_edited=&#8220;on|phone&#8220; header_text_shadow_style=&#8220;preset1&#8243; header_text_shadow_horizontal_length=&#8220;0.02em&#8220; header_text_shadow_vertical_length=&#8220;0.01em&#8220; header_text_shadow_blur_strength=&#8220;0.04em&#8220; header_text_shadow_color=&#8220;rgba(0,0,0,0.15)&#8220; global_colors_info=&#8220;{}&#8220; custom_margin__hover_enabled=&#8220;off|desktop&#8220;]<\/p>\n<h1>Pedelec Power<br \/>Usedom<\/h1>\n<p>&nbsp;<\/p>\n<p>&nbsp;<\/p>\n<p>[\/et_pb_text][\/et_pb_column][\/et_pb_row][\/et_pb_section][et_pb_section fb_built=&#8220;1&#8243; _builder_version=&#8220;4.20.2&#8243; _module_preset=&#8220;default&#8220; custom_margin=&#8220;||-50px||false|false&#8220; global_colors_info=&#8220;{}&#8220;][et_pb_row _builder_version=&#8220;4.20.2&#8243; _module_preset=&#8220;default&#8220; global_colors_info=&#8220;{}&#8220;][et_pb_column type=&#8220;4_4&#8243; _builder_version=&#8220;4.20.2&#8243; _module_preset=&#8220;default&#8220; global_colors_info=&#8220;{}&#8220;][et_pb_image src=&#8220;https:\/\/mv-rad.de\/wp-content\/uploads\/2023\/04\/pedelec_power_usedom_uebersicht_stelen_1414x1000.png&#8220; title_text=&#8220;pedelec_power_usedom_uebersicht_stelen_1414x1000&#8243; align=&#8220;center&#8220; _builder_version=&#8220;4.20.2&#8243; _module_preset=&#8220;default&#8220; width=&#8220;90%&#8220; global_colors_info=&#8220;{}&#8220;][\/et_pb_image][et_pb_text _builder_version=&#8220;4.20.2&#8243; _module_preset=&#8220;3a5fa9a7-7987-4564-89a5-37b87a5b6ad8&#8243; header_font=&#8220;||||||||&#8220; header_3_font=&#8220;Playfair Display|700|||||||&#8220; header_3_font_size=&#8220;25px&#8220; header_3_line_height=&#8220;1.6em&#8220; text_orientation=&#8220;center&#8220; custom_margin=&#8220;0px||||false|false&#8220; custom_margin_tablet=&#8220;0px||||false|false&#8220; custom_margin_phone=&#8220;0px||||false|false&#8220; custom_margin_last_edited=&#8220;on|phone&#8220; custom_padding=&#8220;0px||||false|false&#8220; header_3_font_size_tablet=&#8220;20px&#8220; header_3_font_size_phone=&#8220;16px&#8220; header_3_font_size_last_edited=&#8220;on|desktop&#8220; locked=&#8220;off&#8220; global_colors_info=&#8220;{}&#8220;]<\/p>\n<h3>Hier geht\u00b4s zur offiziellen Website<br \/>von Pedelec Power Usedom.<\/h3>\n<p>[\/et_pb_text][et_pb_button button_url=&#8220;https:\/\/pedelec-power-usedom.de&#8220; button_text=&#8220;Zur Website&#8220; button_alignment=&#8220;center&#8220; admin_label=&#8220;pedelec&#8220; _builder_version=&#8220;4.20.2&#8243; _module_preset=&#8220;fd4cbe8d-44bb-4497-977d-4a9151abc25c&#8220; custom_button=&#8220;on&#8220; button_text_size=&#8220;14px&#8220; button_bg_color=&#8220;#1c4982&#8243; button_border_width=&#8220;0px&#8220; button_border_radius=&#8220;0px&#8220; button_letter_spacing=&#8220;2px&#8220; button_font=&#8220;|700||on|||||&#8220; background_layout=&#8220;dark&#8220; custom_padding=&#8220;14px|35px|14px|35px|true|true&#8220; custom_padding_tablet=&#8220;12px|30px|12px|30px|true|true&#8220; custom_padding_phone=&#8220;10px|20px|10px|20px|true|true&#8220; custom_padding_last_edited=&#8220;on|phone&#8220; button_text_size_tablet=&#8220;13px&#8220; button_text_size_phone=&#8220;12px&#8220; button_text_size_last_edited=&#8220;on|tablet&#8220; locked=&#8220;off&#8220; global_colors_info=&#8220;{}&#8220; button_bg_color__hover=&#8220;#009fe3&#8243; button_bg_color__hover_enabled=&#8220;on|desktop&#8220; button_bg_enable_color__hover=&#8220;on&#8220;][\/et_pb_button][\/et_pb_column][\/et_pb_row][\/et_pb_section][et_pb_section fb_built=&#8220;1&#8243; admin_label=&#8220;Text&#8220; _builder_version=&#8220;4.20.2&#8243; _module_preset=&#8220;default&#8220; custom_margin=&#8220;0px||0px||false|false&#8220; locked=&#8220;off&#8220; global_colors_info=&#8220;{}&#8220;][et_pb_row _builder_version=&#8220;4.20.2&#8243; _module_preset=&#8220;default&#8220; max_width=&#8220;720px&#8220; custom_margin_tablet=&#8220;&#8220; custom_margin_phone=&#8220;&#8220; custom_margin_last_edited=&#8220;on|phone&#8220; custom_padding=&#8220;0px||||false|false&#8220; global_colors_info=&#8220;{}&#8220;][et_pb_column type=&#8220;4_4&#8243; _builder_version=&#8220;4.16&#8243; _module_preset=&#8220;default&#8220; global_colors_info=&#8220;{}&#8220;][et_pb_blurb title=&#8220;In K\u00fcrze verf\u00fcgbar: Das neue Pedelec-System!&#8220; icon_placement=&#8220;left&#8220; image_icon_width=&#8220;48px&#8220; content_max_width=&#8220;100%&#8220; icon_placement_tablet=&#8220;&#8220; icon_placement_phone=&#8220;top&#8220; icon_placement_last_edited=&#8220;on|phone&#8220; image_icon_width_tablet=&#8220;48px&#8220; image_icon_width_phone=&#8220;40px&#8220; image_icon_width_last_edited=&#8220;on|phone&#8220; _builder_version=&#8220;4.20.2&#8243; _module_preset=&#8220;5635b989-66d4-4674-b533-7c2fe71428fb&#8220; header_font=&#8220;Playfair Display|700|||||||&#8220; header_text_color=&#8220;#1c4982&#8243; header_font_size=&#8220;25px&#8220; header_line_height=&#8220;1.4em&#8220; body_text_color=&#8220;rgba(0,0,0,0.7)&#8220; body_line_height=&#8220;2em&#8220; image_icon_custom_padding_tablet=&#8220;&#8220; image_icon_custom_padding_phone=&#8220;&#8220; image_icon_custom_padding_last_edited=&#8220;on|phone&#8220; custom_margin=&#8220;-15px||||false|false&#8220; header_font_size_tablet=&#8220;20px&#8220; header_font_size_phone=&#8220;18px&#8220; header_font_size_last_edited=&#8220;on|phone&#8220; border_width_all_image_tablet=&#8220;&#8220; border_width_all_image_phone=&#8220;&#8220; border_width_all_image_last_edited=&#8220;on|phone&#8220; image_max_width=&#8220;48px&#8220; image_max_width_tablet=&#8220;&#8220; image_max_width_phone=&#8220;40px&#8220; image_max_width_last_edited=&#8220;on|phone&#8220; global_module=&#8220;4973&#8243; locked=&#8220;off&#8220; global_colors_info=&#8220;{}&#8220;]<\/p>\n<p>Das Pedelec Angebot wird im Rahmen eines neuen Projektes um 500 Pedelecs der neuesten Generation erweitert und analog des vorhandenen klassischen Fahrrad Verleihsystem installiert, mitlaufen und genauso online, mit eigener, aber integrierter supermoderner Struktur, verwaltet. Der fl\u00e4chendeckende Betrieb wird gleicherma\u00dfen Tourismus-, wie auch die in der Umsetzung besonders anspruchsvollen Einwohnerbelange ber\u00fccksichtigten. Das Projekt l\u00e4uft von Mai 2021 bis Dezember 2023. Das online Fahrzeugmanagement inklusive bargeldlosem Verleih \u00fcber Registrierung, Chipkarte, Kreditkarte, QR-Code, Ausleihe am Stelen Display, wird perfekt abgesichert. Alle Stationen bieten eine induktive Aufladung der Pedelecs. Ausgesuchte Stationen, mit Kernkompetenz f\u00fcr Pedelecs, werden in allen Inselregionen mit \u00fcberdurchschnittlich vielen Fahrzeugen eingerichtet, um inselweit immer auch die unkalkulierbaren Bedarfe abdecken zu k\u00f6nnen. An diesen Stationen wird auch noch der bislang herk\u00f6mmliche analoge Verleih m\u00f6glich sein. In der UsedomRad Zentrale \u00dcckeritz, also direkt in der Inselmitte, werden 60 Pedelecs zur Verf\u00fcgung stehen, weil eine ganz erhebliche Anzahl Pedelecs immer h\u00e4ufiger kurzfristig \u00fcber die bestehenden mobilen Kan\u00e4le von G\u00e4sten und Einwohnern gebucht und dann entsprechend Lieferwunsch punktgenau ausgeliefert oder \u00fcbergeben werden. In der Achterlandregion Lieper Winkel wird es im Rahmen des integrierten Pilotprojektes eine gesonderte, aber in das Gesamtsystem eingebettete, Fahrzeug Ausstattung geben. Erg\u00e4nzend wird das \u00d6PNV-Leistungsangebot im Lieper Winkel durch die UBB an den steigenden Bedarf angepasst und ggf. vervollst\u00e4ndigt. In den Kernkompetenz Stationen werden jeweils 20 \u2013 30 Pedelecs stationiert, um der immer h\u00e4ufiger auftretenden Problematik der Unterbest\u00fcckung einzelner Regionen entgegenzuwirken. Alle Partner k\u00f6nnen sich dort bedienen oder dorthin verweisen. Sobald erste Umsetzungsstufen erfolgt sind und genutzt werden k\u00f6nnen, finden Sie die entsprechenden Informationen.<\/p>\n<p>[\/et_pb_blurb][\/et_pb_column][\/et_pb_row][\/et_pb_section]<\/p>\n","protected":false},"excerpt":{"rendered":"<p>Pedelec PowerUsedom &nbsp; &nbsp;Hier geht\u00b4s zur offiziellen Websitevon Pedelec Power Usedom.Das Pedelec Angebot wird im Rahmen eines neuen Projektes um 500 Pedelecs der neuesten Generation erweitert und analog des vorhandenen klassischen Fahrrad Verleihsystem installiert, mitlaufen und genauso online, mit eigener, aber integrierter supermoderner Struktur, verwaltet. Der fl\u00e4chendeckende Betrieb wird gleicherma\u00dfen Tourismus-, wie auch die in [&hellip;]<\/p>\n","protected":false},"author":3,"featured_media":0,"parent":0,"menu_order":0,"comment_status":"closed","ping_status":"closed","template":"","meta":{"_et_pb_use_builder":"on","_et_pb_old_content":"","_et_gb_content_width":"","footnotes":""},"class_list":["post-6840","page","type-page","status-publish","hentry"],"_links":{"self":[{"href":"https:\/\/mv-rad.de\/en_gb\/wp-json\/wp\/v2\/pages\/6840","targetHints":{"allow":["GET"]}}],"collection":[{"href":"https:\/\/mv-rad.de\/en_gb\/wp-json\/wp\/v2\/pages"}],"about":[{"href":"https:\/\/mv-rad.de\/en_gb\/wp-json\/wp\/v2\/types\/page"}],"author":[{"embeddable":true,"href":"https:\/\/mv-rad.de\/en_gb\/wp-json\/wp\/v2\/users\/3"}],"replies":[{"embeddable":true,"href":"https:\/\/mv-rad.de\/en_gb\/wp-json\/wp\/v2\/comments?post=6840"}],"version-history":[{"count":19,"href":"https:\/\/mv-rad.de\/en_gb\/wp-json\/wp\/v2\/pages\/6840\/revisions"}],"predecessor-version":[{"id":7869,"href":"https:\/\/mv-rad.de\/en_gb\/wp-json\/wp\/v2\/pages\/6840\/revisions\/7869"}],"wp:attachment":[{"href":"https:\/\/mv-rad.de\/en_gb\/wp-json\/wp\/v2\/media?parent=6840"}],"curies":[{"name":"wp","href":"https:\/\/api.w.org\/{rel}","templated":true}]}}

<p>[et_pb_section fb_built=&#8220;1&#8243; custom_padding_last_edited=&#8220;on|phone&#8220; admin_label=&#8220;Header&#8220; _builder_version=&#8220;4.16&#8243; _module_preset=&#8220;default&#8220; use_background_color_gradient=&#8220;on&#8220; background_color_gradient_stops=&#8220;rgba(0,158,224,0.25) 0%|#009fe3 100%&#8220; background_color_gradient_start=&#8220;rgba(0,158,224,0.25)&#8220; background_color_gradient_end=&#8220;#009fe3&#8243; background_image=&#8220;https://mv-rad.de/wp-content/uploads/2021/11/DSC09676_1920x_Ausschnitt_web-1.jpg&#8220; custom_padding=&#8220;120px||120px||true|false&#8220; custom_padding_tablet=&#8220;100px||100px||true|false&#8220; custom_padding_phone=&#8220;80px||80px||true|false&#8220; background_color_gradient_stops_tablet=&#8220;rgba(0,158,224,0.25) 100%|#009fe3 100%&#8220; background_color_gradient_stops_phone=&#8220;rgba(0,158,224,0.25) 100%|#009fe3 100%&#8220; background_color_gradient_start_position_tablet=&#8220;100%&#8220; background_color_gradient_start_position_phone=&#8220;100%&#8220; background_color_gradient_end_position_tablet=&#8220;100%&#8220; background_color_gradient_end_position_phone=&#8220;100%&#8220; locked=&#8220;off&#8220; global_colors_info=&#8220;{}&#8220;][et_pb_row _builder_version=&#8220;4.16&#8243; _module_preset=&#8220;default&#8220; global_colors_info=&#8220;{}&#8220;][et_pb_column type=&#8220;4_4&#8243; _builder_version=&#8220;4.16&#8243; _module_preset=&#8220;default&#8220; global_colors_info=&#8220;{}&#8220;][et_pb_text _builder_version=&#8220;4.21.0&#8243; _module_preset=&#8220;d72c0383-6487-4f2c-ac5c-7d48a6376757&#8243; header_font=&#8220;Playfair Display||||||||&#8220; header_text_align=&#8220;left&#8220; header_text_color=&#8220;#1c4982&#8243; header_font_size=&#8220;100px&#8220; background_color=&#8220;rgba(255,255,255,0.5)&#8220; width=&#8220;90%&#8220; width_tablet=&#8220;65%&#8220; width_phone=&#8220;95%&#8220; width_last_edited=&#8220;on|phone&#8220; height=&#8220;215px&#8220; height_tablet=&#8220;120px&#8220; height_phone=&#8220;100px&#8220; height_last_edited=&#8220;on|phone&#8220; custom_margin=&#8220;||0px||false|false&#8220; custom_padding=&#8220;0px||0px|20px|false|false&#8220; custom_padding_tablet=&#8220;&#8220; custom_padding_phone=&#8220;8px||0px|20px|false|false&#8220; custom_padding_last_edited=&#8220;on|phone&#8220; animation_direction=&#8220;top&#8220; header_font_size_tablet=&#8220;7vw&#8220; header_font_size_phone=&#8220;10vw&#8220; header_font_size_last_edited=&#8220;on|phone&#8220; header_text_shadow_style=&#8220;preset1&#8243; header_text_shadow_horizontal_length=&#8220;0.02em&#8220; header_text_shadow_vertical_length=&#8220;0.01em&#8220; header_text_shadow_blur_strength=&#8220;0.04em&#8220; header_text_shadow_color=&#8220;rgba(0,0,0,0.15)&#8220; global_colors_info=&#8220;{}&#8220; custom_margin__hover_enabled=&#8220;off|desktop&#8220;]</p>
<h1>Pedelec Power<br />Usedom</h1>
<p>&nbsp;</p>
<p>&nbsp;</p>
<p>[/et_pb_text][/et_pb_column][/et_pb_row][/et_pb_section][et_pb_section fb_built=&#8220;1&#8243; _builder_version=&#8220;4.20.2&#8243; _module_preset=&#8220;default&#8220; custom_margin=&#8220;||-50px||false|false&#8220; global_colors_info=&#8220;{}&#8220;][et_pb_row _builder_version=&#8220;4.20.2&#8243; _module_preset=&#8220;default&#8220; global_colors_info=&#8220;{}&#8220;][et_pb_column type=&#8220;4_4&#8243; _builder_version=&#8220;4.20.2&#8243; _module_preset=&#8220;default&#8220; global_colors_info=&#8220;{}&#8220;][et_pb_image src=&#8220;https://mv-rad.de/wp-content/uploads/2023/04/pedelec_power_usedom_uebersicht_stelen_1414x1000.png&#8220; title_text=&#8220;pedelec_power_usedom_uebersicht_stelen_1414x1000&#8243; align=&#8220;center&#8220; _builder_version=&#8220;4.20.2&#8243; _module_preset=&#8220;default&#8220; width=&#8220;90%&#8220; global_colors_info=&#8220;{}&#8220;][/et_pb_image][et_pb_text _builder_version=&#8220;4.20.2&#8243; _module_preset=&#8220;3a5fa9a7-7987-4564-89a5-37b87a5b6ad8&#8243; header_font=&#8220;||||||||&#8220; header_3_font=&#8220;Playfair Display|700|||||||&#8220; header_3_font_size=&#8220;25px&#8220; header_3_line_height=&#8220;1.6em&#8220; text_orientation=&#8220;center&#8220; custom_margin=&#8220;0px||||false|false&#8220; custom_margin_tablet=&#8220;0px||||false|false&#8220; custom_margin_phone=&#8220;0px||||false|false&#8220; custom_margin_last_edited=&#8220;on|phone&#8220; custom_padding=&#8220;0px||||false|false&#8220; header_3_font_size_tablet=&#8220;20px&#8220; header_3_font_size_phone=&#8220;16px&#8220; header_3_font_size_last_edited=&#8220;on|desktop&#8220; locked=&#8220;off&#8220; global_colors_info=&#8220;{}&#8220;]</p>
<h3>Hier geht´s zur offiziellen Website<br />von Pedelec Power Usedom.</h3>
<p>[/et_pb_text][et_pb_button button_url=&#8220;https://pedelec-power-usedom.de&#8220; button_text=&#8220;Zur Website&#8220; button_alignment=&#8220;center&#8220; admin_label=&#8220;pedelec&#8220; _builder_version=&#8220;4.20.2&#8243; _module_preset=&#8220;fd4cbe8d-44bb-4497-977d-4a9151abc25c&#8220; custom_button=&#8220;on&#8220; button_text_size=&#8220;14px&#8220; button_bg_color=&#8220;#1c4982&#8243; button_border_width=&#8220;0px&#8220; button_border_radius=&#8220;0px&#8220; button_letter_spacing=&#8220;2px&#8220; button_font=&#8220;|700||on|||||&#8220; background_layout=&#8220;dark&#8220; custom_padding=&#8220;14px|35px|14px|35px|true|true&#8220; custom_padding_tablet=&#8220;12px|30px|12px|30px|true|true&#8220; custom_padding_phone=&#8220;10px|20px|10px|20px|true|true&#8220; custom_padding_last_edited=&#8220;on|phone&#8220; button_text_size_tablet=&#8220;13px&#8220; button_text_size_phone=&#8220;12px&#8220; button_text_size_last_edited=&#8220;on|tablet&#8220; locked=&#8220;off&#8220; global_colors_info=&#8220;{}&#8220; button_bg_color__hover=&#8220;#009fe3&#8243; button_bg_color__hover_enabled=&#8220;on|desktop&#8220; button_bg_enable_color__hover=&#8220;on&#8220;][/et_pb_button][/et_pb_column][/et_pb_row][/et_pb_section][et_pb_section fb_built=&#8220;1&#8243; admin_label=&#8220;Text&#8220; _builder_version=&#8220;4.20.2&#8243; _module_preset=&#8220;default&#8220; custom_margin=&#8220;0px||0px||false|false&#8220; locked=&#8220;off&#8220; global_colors_info=&#8220;{}&#8220;][et_pb_row _builder_version=&#8220;4.20.2&#8243; _module_preset=&#8220;default&#8220; max_width=&#8220;720px&#8220; custom_margin_tablet=&#8220;&#8220; custom_margin_phone=&#8220;&#8220; custom_margin_last_edited=&#8220;on|phone&#8220; custom_padding=&#8220;0px||||false|false&#8220; global_colors_info=&#8220;{}&#8220;][et_pb_column type=&#8220;4_4&#8243; _builder_version=&#8220;4.16&#8243; _module_preset=&#8220;default&#8220; global_colors_info=&#8220;{}&#8220;][et_pb_blurb title=&#8220;In Kürze verfügbar: Das neue Pedelec-System!&#8220; icon_placement=&#8220;left&#8220; image_icon_width=&#8220;48px&#8220; content_max_width=&#8220;100%&#8220; icon_placement_tablet=&#8220;&#8220; icon_placement_phone=&#8220;top&#8220; icon_placement_last_edited=&#8220;on|phone&#8220; image_icon_width_tablet=&#8220;48px&#8220; image_icon_width_phone=&#8220;40px&#8220; image_icon_width_last_edited=&#8220;on|phone&#8220; _builder_version=&#8220;4.20.2&#8243; _module_preset=&#8220;5635b989-66d4-4674-b533-7c2fe71428fb&#8220; header_font=&#8220;Playfair Display|700|||||||&#8220; header_text_color=&#8220;#1c4982&#8243; header_font_size=&#8220;25px&#8220; header_line_height=&#8220;1.4em&#8220; body_text_color=&#8220;rgba(0,0,0,0.7)&#8220; body_line_height=&#8220;2em&#8220; image_icon_custom_padding_tablet=&#8220;&#8220; image_icon_custom_padding_phone=&#8220;&#8220; image_icon_custom_padding_last_edited=&#8220;on|phone&#8220; custom_margin=&#8220;-15px||||false|false&#8220; header_font_size_tablet=&#8220;20px&#8220; header_font_size_phone=&#8220;18px&#8220; header_font_size_last_edited=&#8220;on|phone&#8220; border_width_all_image_tablet=&#8220;&#8220; border_width_all_image_phone=&#8220;&#8220; border_width_all_image_last_edited=&#8220;on|phone&#8220; image_max_width=&#8220;48px&#8220; image_max_width_tablet=&#8220;&#8220; image_max_width_phone=&#8220;40px&#8220; image_max_width_last_edited=&#8220;on|phone&#8220; global_module=&#8220;4973&#8243; locked=&#8220;off&#8220; global_colors_info=&#8220;{}&#8220;]</p>
<p>Das Pedelec Angebot wird im Rahmen eines neuen Projektes um 500 Pedelecs der neuesten Generation erweitert und analog des vorhandenen klassischen Fahrrad Verleihsystem installiert, mitlaufen und genauso online, mit eigener, aber integrierter supermoderner Struktur, verwaltet. Der flächendeckende Betrieb wird gleichermaßen Tourismus-, wie auch die in der Umsetzung besonders anspruchsvollen Einwohnerbelange berücksichtigten. Das Projekt läuft von Mai 2021 bis Dezember 2023. Das online Fahrzeugmanagement inklusive bargeldlosem Verleih über Registrierung, Chipkarte, Kreditkarte, QR-Code, Ausleihe am Stelen Display, wird perfekt abgesichert. Alle Stationen bieten eine induktive Aufladung der Pedelecs. Ausgesuchte Stationen, mit Kernkompetenz für Pedelecs, werden in allen Inselregionen mit überdurchschnittlich vielen Fahrzeugen eingerichtet, um inselweit immer auch die unkalkulierbaren Bedarfe abdecken zu können. An diesen Stationen wird auch noch der bislang herkömmliche analoge Verleih möglich sein. In der UsedomRad Zentrale Ückeritz, also direkt in der Inselmitte, werden 60 Pedelecs zur Verfügung stehen, weil eine ganz erhebliche Anzahl Pedelecs immer häufiger kurzfristig über die bestehenden mobilen Kanäle von Gästen und Einwohnern gebucht und dann entsprechend Lieferwunsch punktgenau ausgeliefert oder übergeben werden. In der Achterlandregion Lieper Winkel wird es im Rahmen des integrierten Pilotprojektes eine gesonderte, aber in das Gesamtsystem eingebettete, Fahrzeug Ausstattung geben. Ergänzend wird das ÖPNV-Leistungsangebot im Lieper Winkel durch die UBB an den steigenden Bedarf angepasst und ggf. vervollständigt. In den Kernkompetenz Stationen werden jeweils 20 – 30 Pedelecs stationiert, um der immer häufiger auftretenden Problematik der Unterbestückung einzelner Regionen entgegenzuwirken. Alle Partner können sich dort bedienen oder dorthin verweisen. Sobald erste Umsetzungsstufen erfolgt sind und genutzt werden können, finden Sie die entsprechenden Informationen.</p>
<p>[/et_pb_blurb][/et_pb_column][/et_pb_row][/et_pb_section]</p>

<p>Pedelec PowerUsedom &nbsp; &nbsp;Hier geht´s zur offiziellen Websitevon Pedelec Power Usedom.Das Pedelec Angebot wird im Rahmen eines neuen Projektes um 500 Pedelecs der neuesten Generation erweitert und analog des vorhandenen klassischen Fahrrad Verleihsystem installiert, mitlaufen und genauso online, mit eigener, aber integrierter supermoderner Struktur, verwaltet. Der flächendeckende Betrieb wird gleichermaßen Tourismus-, wie auch die in [&hellip;]</p>
